t is the highest common factor of d and x?
5
Let l(w) = w + 6. Let n = -7 + 7. Let f be l(n). Let p(j) = 43*j**2 - 1. Let u be p(1). Calculate the highest common factor of f and u.
6
Let c(w) = 11*w - 13*w + w**3 - 1 - w**2 - 3*w**3. Let r be c(-3). Suppose r + 65 = 5*a. Calculate the greatest common factor of a and 161.
23
Suppose 39 - 11 = 4*h. Let a be (140/(-5))/(1*2/(-4)). Calculate the greatest common divisor of a and h.
7
Let j be 0 - -15*(-3)/9. Let t(h) = -4*h**2 - 3*h**2 + 8*h**2 + 10 + 2*h. Let w be t(j). What is the greatest common divisor of w and 5?
5
Let y(i) = -160*i + 2. Let p be y(-2). Let r = p + -202. What is the greatest common divisor of r and 24?
24
Let i(a) = 17*a. Suppose 3*s = 8*s + 4*p + 3, -3*p = s + 5. Let f be i(s). Suppose -2*m = -70 + 2. Calculate the highest common factor of f and m.
17
Suppose 3*r = 3*p + 33 + 6, -2 = 2*p. Let i(o) = 27*o**3 - 4 + 6*o**2 - 26*o**3 - 4*o - 2*o**2. Let g be i(-4). Calculate the highest common factor of r and g.
12
Suppose -357 = -6*g + 39. What is the greatest common divisor of 528 and g?
66
Let k be 2/(-9)*(-81)/9. Let w(r) = 4*r**2 + 4*r - 3. Let x be w(k). Suppose 0 = -3*l + x + 54. What is the highest common divisor of l and 125?
25
Suppose 0 = b - 2*l - 61, -b - 5*l + 6 = -62. What is the highest common divisor of 42 and b?
21
Suppose -11*m - 197 = -1429. Calculate the highest common divisor of m and 952.
56
Let r(n) = 15*n - 4. Let w be r(1). Let b = w - 8. Calculate the highest common factor of b and 9.
3
Suppose 0 = -55*k - 26*k + 567. What is the highest common divisor of 175 and k?
7
Suppose -3*z + 4*z + 6 = 4*v, 5*v - 12 = -z. Suppose -4*d = z*w + d - 45, 0 = 4*d - 12. Calculate the highest common factor of 45 and w.
15
Suppose 28*q - 458 = 46. Calculate the greatest common divisor of q and 1422.
18
Suppose 9*b = 3*b - 78. Let g(o) = o**2 + 10*o - 30. Let t be g(b). Calculate the highest common factor of 15 and t.
3
Let c be 4/14 - 266/(-98) - -2. Calculate the highest common divisor of c and 45.
5
Suppose -3*s = 5*x + s - 17, 2*x - 4*s - 18 = 0. Let t(a) = -2*a**3 + 10*a**2 + 3*a - 2. Let h be t(x). Calculate the greatest common factor of h and 65.
13
Let b be 75/21 - (-24)/(-42). Let c(a) = 4 + b*a - 2*a + 0*a - 3*a. Let d be c(-3). Calculate the highest common divisor of d and 10.
10
Let a(j) = -2*j**3 - 93*j**2 - 46*j + 21. Let y be a(-46). What is the highest common divisor of y and 273?
21
Suppose 2*o + 48 - 268 = 0. Suppose -21 = -4*l + 19. Calculate the highest common divisor of l and o.
10
Let m be (27/(-6))/(3/(-6)). Let j(r) = -10 - 3*r + m*r - 2*r + r. Let k be j(6). Calculate the highest common divisor of k and 100.
20
Suppose 2*o + 2*u - 208 = 0, -2*o + 201 + 4 = 5*u. What is the highest common factor of o and 20?
5
Suppose 0*g = -4*g. Suppose g = -3*w + 2*w + 6. Let l = w + 9. What is the highest common divisor of l and 5?
5
Let b = 130 - -221. Let l be (-6)/9*b/(-2). Let m = l - 81. Calculate the highest common divisor of 18 and m.
18
Let f be 0 - -99 - 3*(-2)/6. What is the highest common divisor of f and 4?
4
Let h = 783 + -684. Calculate the greatest common divisor of h and 81.
9
Let v(z) = -39*z - 30. Let u be v(-7). What is the greatest common factor of 54 and u?
27
Let b(w) = w**2 - 15*w + 14. Let n be b(14). Suppose -5*x + n + 35 = 0. Suppose 0 = 4*r - x*r + 627. What is the highest common factor of r and 19?
19
Let r be 2 + -2 - (1 - -4). Let k be (-22)/r*(-2 - -7). What is the greatest common divisor of k and 2?
2
Let k be (-2 - -4) + 2 + -50. Let h = -22 - k. What is the highest common divisor of 6 and h?
6
Let d(o) = 27*o + 4. Let q be d(-3). Let k be 3644/14 - (-22)/q. Calculate the highest common divisor of k and 26.
26
Suppose -358 = -3*i - 6*f + 11*f, 3*i = -3*f + 366. What is the highest common divisor of i and 22?
11
Let x = -949 + 1979. What is the greatest common divisor of x and 10?
10
Let u(t) be the third derivative of -t**5/60 + 5*t**4/8 - 11*t**3/3 + 3*t**2 + 6. Let c be u(12). Calculate the greatest common factor of c and 154.
14
Let z be 3072/20 - (20/(-25))/2. What is the highest common factor of z and 66?
22
Let n(x) = 447*x**2 - 14*x + 15. Let l be n(1). Calculate the greatest common divisor of 28 and l.
28
Let d(f) = -f**3 - 13*f**2 - 31*f - 2. Let z be d(-11). Calculate the highest common factor of z and 1261.
97
Suppose -11*d + 9 = 4*o - 6*d, -3*o + 1 = -2*d. Calculate the greatest common divisor of 91 and o.
1
Let k = -198 - -306. Suppose -k*w = -106*w - 42. What is the greatest common divisor of w and 21?
21
Let y = -107 + 111. Suppose -4*i = -4*k - 0*i + 380, -y*i = 3*k - 250. Calculate the highest common factor of 20 and k.
10
Suppose 4*n + 200 = 8*n. Suppose 0 = a - 0*a - n. What is the highest common factor of a and 10?
10
Suppose 0 = 2*m - 24*k + 22*k - 54, -m + 18 = 2*k. Suppose 6 = 2*n + n. Calculate the highest common divisor of n and m.
2
Let r(a) = a**3 - 11*a**2 + 24*a - 34. Let g be r(9). Calculate the greatest common divisor of g and 1180.
20
Let n be (3/(12/16))/(-2). Let t = 17 + n. What is the greatest common factor of 5 and t?
5
Suppose 2*d = 8*d + 1548. Let c be 1*(-6)/2 - -4 - d. What is the highest common factor of c and 37?
37
Let w be 6*(2/18)/((-8)/24). Let k be (4/12 - -1)*(-9)/w. Let a(n) = n**3 + 2*n**2 - n + 1. Let y be a(2). Calculate the greatest common divisor of k and y.
3
Suppose 10 = v - 5. Suppose 2 - 62 = -10*u. Calculate the greatest common divisor of u and v.
3
Let k = -160 - -170. Calculate the highest common factor of 6 and k.
2
Suppose 2 + 16 = 6*r. Let h be ((-10)/(-2))/(7/21). What is the highest common divisor of h and r?
3
Let u = -354 - -434. Calculate the highest common divisor of u and 40.
40
Suppose 9*z - 3*j = 6*z + 4977, -3*z + 4987 = -j. Calculate the greatest common divisor of 52 and z.
52
Let a = 62 - 27. Let k = 230 - a. Let m = 51 - -27. What is the highest common factor of m and k?
39
Suppose 0 = 78*i - 32*i - 1472. Calculate the highest common factor of 24 and i.
8
Let i = -369 + 1515. What is the highest common divisor of i and 6?
6
Let x be ((-8)/6)/(2/6). Let g(r) = -19*r - 10. Let s be g(-1). Let d be (s + x)*(-16)/(-5). What is the greatest common divisor of 176 and d?
16
Let j(f) = f**3 - f**2 + 4*f - 4. Let m be j(2). Let d = -9 - -21. Let c = d - m. What is the highest common divisor of 2 and c?
2
Let j(k) = 2*k**2 + 42*k + 367. Let y be j(-43). Calculate the greatest common divisor of y and 9.
9
Let s = -223 + 288. Calculate the greatest common factor of 325 and s.
65
Let j be ((-90)/24 - 0)/(4/(-432)). What is the greatest common divisor of 30 and j?
15
Suppose -3*y + 4*a = -25, -4*y + 5*a - 3*a + 50 = 0. Let d = 10 + y. Suppose 6*h = 7*h - d. What is the highest common divisor of h and 150?
25
Let y(z) be the first derivative of 14*z + 0*z**2 - 1 - 1/3*z**3. Let m be y(0). Calculate the greatest common factor of m and 2.
2
Suppose 0*h = -2*h + 2*f - 10, 4*f = -h + 20. Suppose h = 6*y + 269 - 1133. What is the greatest common divisor of y and 18?
18
Let s(l) = -5*l + 7. Let u be s(-8). Let h be (-1 - 7)*132/(-24) - -3. What is the greatest common factor of h and u?
47
Let p(t) = 2*t - 8. Let y be p(0). Let s = y + 8. Suppose 2*i - 158 - 74 = -5*r, 3*i - r - 365 = s. What is the greatest common divisor of i and 11?
11
Let k(r) = -r**2 + 10*r + 8. Suppose 4*h - 16 = 20. Let g be k(h). Let s be (34/(-3))/(10/(-105)). Calculate the greatest common factor of s and g.
17
Let f = -12 - -20. Let g be (f/(-5))/((-4)/10). Let m(k) = 4*k - 10. Let u be m(g). Calculate the greatest common divisor of 42 and u.
6
Suppose 15*a - a - 4536 = 0. Calculate the highest common divisor of 243 and a.
81
Let u(j) = -9*j - 5. Let p be u(-2). Let g = p + -10. Suppose -3*c - 5*r + 188 = -157, -c = g*r - 111. Calculate the greatest common divisor of 48 and c.
24
Let t(s) = 6*s + 63. Let b be t(-9). What is the highest common factor of 51 and b?
3
Let m = 291 + -90. Suppose q - m = -39. Calculate the greatest common divisor of q and 18.
18
Suppose -14*b + 2*b + 36 = 0. Suppose -39 = b*h - 6*h. Suppose -3*c + w + 21 = -19, 67 = 5*c - 2*w. What is the highest common divisor of c and h?
13
Suppose -p - 4*x = 2, -2*x = -p + x + 33. Suppose -p = 2*z - 3*z. What is the greatest comm